s the remainder when 1164 is divided by 73?
69
What is the remainder when 1157 is divided by 113?
27
Calculate the remainder when 71 is divided by 27.
17
Calculate the remainder when 851 is divided by 14.
11
Calculate the remainder when 677 is divided by 9.
2
Calculate the remainder when 251 is divided by 65.
56
Calculate the remainder when 275 is divided by 130.
15
What is the remainder when 306 is divided by 36?
18
What is the remainder when 1633 is divided by 38?
37
Calculate the remainder when 410 is divided by 119.
53
Calculate the remainder when 503 is divided by 5.
3
Calculate the remainder when 12911 is divided by 123.
119
What is the remainder when 3918 is divided by 356?
2
What is the remainder when 685 is divided by 230?
225
Calculate the remainder when 124 is divided by 17.
5
Calculate the remainder when 134 is divided by 28.
22
What is the remainder when 208 is divided by 37?
23
Calculate the remainder when 4032 is divided by 1005.
12
Calculate the remainder when 365 is divided by 37.
32
What is the remainder when 394 is divided by 53?
23
What is the remainder when 2323 is divided by 15?
13
Calculate the remainder when 371 is divided by 119.
14
What is the remainder when 7197 is divided by 96?
93
What is the remainder when 274 is divided by 24?
10
What is the remainder when 225 is divided by 61?
42
What is the remainder when 158 is divided by 62?
34
Calculate the remainder when 13018 is divided by 124.
122
Calculate the remainder when 570 is divided by 23.
18
What is the remainder when 646 is divided by 110?
96
Calculate the remainder when 250 is divided by 128.
122
Calculate the remainder when 104 is divided by 11.
5
What is the remainder when 521 is divided by 3?
2
What is the remainder when 16 is divided by 6?
4
Calculate the remainder when 391 is divided by 186.
19
Calculate the remainder when 79 is divided by 75.
4
Calculate the remainder when 751 is divided by 50.
1
Calculate the remainder when 70 is divided by 4.
2
What is the remainder when 862 is divided by 96?
94
Calculate the remainder when 862 is divided by 96.
94
Calculate the remainder when 1854 is divided by 912.
30
What is the remainder when 178 is divided by 30?
28
What is the remainder when 1567 is divided by 391?
3
What is the remainder when 42 is divided by 18?
6
Calculate the remainder when 302 is divided by 44.
38
What is the remainder when 63 is divided by 6?
3
Calculate the remainder when 1706 is divided by 285.
281
Calculate the remainder when 30029 is divided by 286.
285
Calculate the remainder when 2045 is divided by 62.
61
What is the remainder when 304 is divided by 77?
73
Calculate the remainder when 429 is divided by 7.
2
What is the remainder when 1046 is divided by 60?
26
Calculate the remainder when 939 is divided by 47.
46
Calculate the remainder when 3385 is divided by 28.
25
What is the remainder when 74 is divided by 50?
24
Calculate the remainder when 506 is divided by 4.
2
What is the remainder when 365 is divided by 23?
20
Calculate the remainder when 750 is divided by 69.
60
Calculate the remainder when 202 is divided by 11.
4
What is the remainder when 1722 is divided by 69?
66
What is the remainder when 2804 is divided by 55?
54
Calculate the remainder when 4785 is divided by 63.
60
Calculate the remainder when 742 is divided by 125.
117
What is the remainder when 547 is divided by 17?
3
What is the remainder when 236 is divided by 98?
40
Calculate the remainder when 555 is divided by 31.
28
What is the remainder when 371 is divided by 22?
19
What is the remainder when 8905 is divided by 122?
121
Calculate the remainder when 439 is divided by 10.
9
Calculate the remainder when 1102 is divided by 280.
262
Calculate the remainder when 483 is divided by 81.
78
What is the remainder when 324 is divided by 65?
64
What is the remainder when 615 is divided by 193?
36
Calculate the remainder when 260 is divided by 15.
5
What is the remainder when 498 is divided by 175?
148
Calculate the remainder when 898 is divided by 31.
30
What is the remainder when 2064 is divided by 115?
109
Calculate the remainder when 1723 is divided by 157.
153
What is the remainder when 32 is divided by 7?
4
Calculate the remainder when 101 is divided by 27.
20
Calculate the remainder when 3218 is divided by 804.
2
What is the remainder when 11131 is divided by 301?
295
Calculate the remainder when 1690 is divided by 171.
151
Calculate the remainder when 1610 is divided by 26.
24
Calculate the remainder when 176 is divided by 53.
17
What is the remainder when 650 is divided by 113?
85
What is the remainder when 389 is divided by 22?
15
What is the remainder when 5918 is divided by 32?
30
Calculate the remainder when 213 is divided by 30.
3
What is the remainder when 186 is divided by 98?
88
Calculate the remainder when 44069 is divided by 78.
77
What is the remainder when 963 is divided by 180?
63
What is the remainder when 10881 is divided by 2174?
11
What is the remainder when 1385 is divided by 127?
115
What is the remainder when 77 is divided by 33?
11
Calculate the remainder when 10493 is divided by 22.
21
Calculate the remainder when 249 is divided by 38.
21
What is the remainder when 1391 is divided by 82?
79
What is the remainder when 6510 is divided by 13?
10
Calculate the remainder when 92 is divided by 44.
4
What is the remainder when 186 is divided by 17?
16
What is the remainder when 1644 is divided by 35?
34
Calculate the remainder when 357 is divided by 8.
5
Calculate the remainder when 1661 is divided by 88.
77
What is the remainder when 694 is divided by 42?
22
What is the remainder when 269 is divided by 45?
44
Calculate the remainder when 41 is divided by 3.
2
What is the remainder when 34 is divided by 12?
10
What is the remainder when 157 is divided by 40?
37
What is the remainder when 235 is divided by 78?
1
Calculate the remainder when 255 is divided by 85.
0
Calculate the remainder when 165 is divided by 63.
39
Calculate the remainder when 139 is divided by 45.
4
What is the remainder when 6054 is divided by 2018?
0
Calculate the remainder when 411 is divided by 43.
24
Calculate the remainder when 370 is divided by 25.
20
Calculate the remainder when 476 is divided by 22.
14
What is the remainder when 61 is divided by 21?
19
What is the remainder when 642 is divided by 43?
40
What is the remainder when 291 is divided by 145?
1
Calculate the remainder when 111 is divided by 24.
15
What is the remainder when 684 is divided by 89?
61
Calculate the remainder when 365 is divided by 156.
53
What is the remainder when 202 is divided by 69?
64
What is the remainder when 449 is divided by 27?
17
Calculate the remainder when 24078 is divided by 280.
278
What is the remainder when 3290 is divided by 22?
12
What is the remainder when 1770 is divided by 137?
126
What is the remainder when 192 is divided by 18?
12
What is the remainder when 1620 is divided by 8?
4
What is the remainder when 391 is divided by 57?
49
Calculate the remainder when 20 is divided by 7.
6
What is the remainder when 105 is divided by 55?
50
What is the remainder when 5450 is divided by 79?
78
What is the remainder when 135 is divided by 18?
9
Calculate the remainder when 496 is divided by 121.
12
What is the remainder when 1023 is divided by 491?
41
What is the remainder when 12 is divided by 2?
0
What is the remainder when 135 is divided by 41?
12
What is the remainder when 564 is divided by 83?
66
Calculate the remainder when 4678 is divided by 9.
7
What is the remainder when 1147 is divided by 50?
47
What is the remainder when 106 is divided by 19?
11
Calculate the remainder when 2887 is divided by 21.
10
Calculate the remainder when 102 is divided by 29.
15
Calculate the remainder when 82 is divided by 17.
14
Calculate the remainder when 338 is divided by 29.
19
What is the remainder when 661 is divided by 233?
195
What is the remainder when 3496 is divided by 13?
12
Calculate the remainder when 903 is divided by 27.
12
Calculate the remainder when 834 is divided by 33.
9
Calculate the remainder when 79 is divided by 15.
4
Calculate the remainder when 254 is divided by 53.
42
What is the remainder when 6366 is divided by 32?
30
Calculate the remainder when 362 is divided by 4